f 593840?
True
Is 821 a factor of 792265?
True
Does 127 divide 9108166?
False
Does 24 divide 3106923?
False
Does 62 divide 10212249?
False
Is 251 a factor of 84000?
False
Is 16 a factor of 241152?
True
Does 98 divide 757638?
True
Is 92 a factor of 190072?
True
Is 12 a factor of 175248?
True
Is 266 a factor of 309100?
False
Is 372552 a multiple of 361?
True
Is 6 a factor of 243775?
False
Does 53 divide 189740?
True
Does 9 divide 1123708?
False
Does 107 divide 1876?
False
Does 13 divide 20456?
False
Is 22 a factor of 2505800?
True
Does 56 divide 3360280?
True
Is 128 a factor of 7099392?
True
Is 1050992 a multiple of 287?
False
Does 621 divide 3935898?
True
Does 57 divide 13926441?
False
Is 105962 a multiple of 301?
False
Is 361 a factor of 1117272?
False
Does 14 divide 735110?
False
Is 69267 a multiple of 56?
False
Is 107 a factor of 842513?
False
Is 45 a factor of 105043?
False
Is 82 a factor of 18870988?
True
Does 14 divide 9289042?
True
Is 63743 a multiple of 2?
False
Is 426 a factor of 930384?
True
Does 3 divide 1135434?
True
Is 9 a factor of 37998?
True
Is 7 a factor of 17499818?
True
Is 229440 a multiple of 8?
True
Is 8352829 a multiple of 24?
False
Does 103 divide 96020?
False
Is 371563 a multiple of 3?
False
Does 118 divide 1167343?
False
Is 60 a factor of 1109820?
True
Is 214 a factor of 135378?
False
Is 8086540 a multiple of 22?
True
Is 33887 a multiple of 47?
True
Is 252654 a multiple of 34?
True
Does 49 divide 6719351?
False
Is 12 a factor of 2071428?
True
Is 337 a factor of 209688?
False
Is 33 a factor of 97119?
True
Is 8 a factor of 114493?
False
Is 438 a factor of 268932?
True
Is 24 a factor of 2867070?
False
Is 159542 a multiple of 331?
True
Is 6267069 a multiple of 127?
True
Is 27 a factor of 6348402?
True
Is 69044 a multiple of 11?
False
Does 399 divide 229340?
False
Is 178200 a multiple of 135?
True
Is 69 a factor of 41019?
False
Is 8788030 a multiple of 33?
False
Is 401 a factor of 683304?
True
Is 6 a factor of 230007?
False
Is 7 a factor of 112548?
False
Is 299869 a multiple of 467?
False
Does 38 divide 626886?
True
Does 29 divide 9171801?
True
Does 102 divide 517854?
True
Is 751246 a multiple of 443?
False
Does 286 divide 399828?
True
Is 288 a factor of 3029442?
False
Is 8413509 a multiple of 33?
False
Is 4091815 a multiple of 23?
True
Does 21 divide 933744?
True
Does 324 divide 416563?
False
Does 69 divide 1517993?
False
Does 7 divide 1228703?
True
Is 102361 a multiple of 26?
False
Is 16310 a multiple of 14?
True
Is 2295996 a multiple of 292?
True
Is 7838748 a multiple of 54?
True
Does 152 divide 4754582?
False
Does 63 divide 86832?
False
Is 6570472 a multiple of 1784?
True
Is 130061 a multiple of 49?
False
Does 21 divide 160045?
False
Is 4441200 a multiple of 80?
True
Is 3510228 a multiple of 12?
True
Is 1326508 a multiple of 14?
False
Is 605202 a multiple of 578?
False
Is 2006764 a multiple of 33?
False
Does 360 divide 3342859?
False
Is 1423912 a multiple of 14?
True
Is 17 a factor of 40109?
False
Is 124 a factor of 2422464?
True
Is 43 a factor of 18915?
False
Does 8 divide 6180?
False
Is 98 a factor of 772861?
False
Does 21 divide 947405?
False
Is 145 a factor of 710065?
True
Is 58 a factor of 142546?
False
Is 87 a factor of 176402?
False
Does 91 divide 26610?
False
Is 27757 a multiple of 24?
False
Does 174 divide 3370853?
False
Is 366374 a multiple of 37?
True
Does 596 divide 4689328?
True
Is 596 a factor of 90643?
False
Does 10 divide 286690?
True
Is 3 a factor of 2354469?
True
Is 58596 a multiple of 6?
True
Does 114 divide 4573723?
False
Is 7 a factor of 2506803?
False
Is 206482 a multiple of 10?
False
Is 38512 a multiple of 29?
True
Does 5 divide 36888?
False
Does 6 divide 175174?
False
Is 9555615 a multiple of 45?
True
Does 17 divide 133648?
False
Does 54 divide 5137365?
False
Is 15151760 a multiple of 208?
True
Is 6933496 a multiple of 4?
True
Is 14 a factor of 2638272?
True
Does 106 divide 1313013?
False
Does 114 divide 1715700?
True
Is 504 a multiple of 24?
True
Is 5 a factor of 40735?
True
Does 37 divide 1986567?
True
Does 39 divide 3683?
False
Is 22 a factor of 5011270?
True
Is 10 a factor of 2583659?
False
Is 823 a factor of 4264786?
True
Is 22 a factor of 3987411?
False
Does 138 divide 4139586?
True
Is 19110 a multiple of 91?
True
Is 3299 a multiple of 21?
False
Is 111 a factor of 546130?
False
Does 291 divide 97194?
True
Does 14 divide 18573294?
False
Is 7128 a multiple of 44?
True
Is 3339350 a multiple of 25?
True
Does 147 divide 1882482?
True
Is 2713862 a multiple of 210?
False
Is 7 a factor of 151969?
False
Is 919206 a multiple of 733?
False
Is 367314 a multiple of 87?
True
Does 429 divide 2968680?
True
Is 570960 a multiple of 122?
True
Does 54 divide 10666134?
True
Does 33 divide 2415930?
True
Is 5 a factor of 193696?
False
Is 345 a factor of 4137930?
True
Does 4 divide 54344?
True
Is 415 a factor of 1068156?
False
Is 32500 a multiple of 100?
True
Is 10 a factor of 3046357?
False
Does 20 divide 5426500?
True
Is 7988920 a multiple of 116?
True
Is 150630 a multiple of 10?
True
Does 57 divide 1932813?
True
Does 91 divide 2013284?
True
Is 484363 a multiple of 121?
True
Is 6 a factor of 161337?
False
Is 50015 a multiple of 2?
False
Is 79992 a multiple of 44?
True
Does 12 divide 173055?
False
Is 35724 even?
True
Is 47057 a multiple of 114?
False
Does 57 divide 1173749?
False
Does 72 divide 318672?
True
Does 690 divide 21342390?
True
Is 509 a factor of 968627?
True
Does 15 divide 201970?
False
Does 13 divide 429331?
False
Is 8 a factor of 31368992?
True
Does 22 divide 564278?
True
Is 254448 a multiple of 18?
True
Is 1882840 a multiple of 515?
True
Is 18419612 a multiple of 34?
False
Is 7 a factor of 2296056?
True
Does 286 divide 26884286?
True
Is 15 a factor of 6120767?
False
Does 27 divide 984933?
True
Is 95256 a multiple of 6?
True
Does 31 divide 45570?
True
Does 22 divide 18832?
True
Does 16 divide 1203552?
True
Is 38029 a multiple of 2?
False
Is 1483824 a multiple of 12?
True
Is 747108 a multiple of 36?
True
Does 28 divide 15201?
False
Is 77887 a multiple of 12?
False
Does 46 divide 1197840?
True
Does 12 divide 11365356?
True
Does 80 divide 730934?
False
Is 181215 a multiple of 15?
True
Is 2492746 a multiple of 1815?
False
Does 232 divide 3113965?
False
Does 87 divide 828241?
False
Is 44629 a multiple of 13?
True
Is 140757 a multiple of 5?
False
Does 264 divide 10208575?
False
Does 27 divide 5119794?
True
Is 159 a factor of 2846414?
False
Is 284 a factor of 1704132?
False
Is 11 a factor of 34194?
False
Is 91560 a multiple of 28?
True
Is 16 a factor of 2295360?
True
Is 135043 a multiple of 8?
False
Is 6 a factor of 315607?
False
Is 17 a factor of 155771?
True
Is 124775 a multiple of 155?
True
Is 41 a factor of 12161734?
False
Does 38 divide 199462?
True
Is 1888094 a multiple of 7?
False
Is 18307950 a multiple of 25?
True
Does 178 divide 289783?
False
Is 12 a factor of 1537716?
True
Is 135318 a multiple of 114?
True
Does 372 divide 5070701?
False
Is 79975 a multiple of 74?
False
Is 22 a factor of 296836?
False
Is 82680 a multiple of 10?
True
Does 42 divide 4942273?
False
Is 4577649 a multiple of 39?
False
Is 10490481 a multiple of 9?
True
Is 73 a factor of 125944?
False
Does 382 divide 1105543?
False
Is 773178 a multiple of 449?
True
Is 1618068 a multiple of 5?
False
Does 467 divide 184465?
True
Is 559014 a multiple of 351?
False
Is 293 a factor of 192794?
True
Is 17 a factor of 19605153?
False
Does 237 divide 349934?
False
Is 116679 a multiple of 4?
False
Does 22 divide 873031?
False
Is 3031800 a multiple of 25?
True
Does 481 divide 19967622?
False
Does 191 divide 441894?
False
Is 15237927 a multiple of 469?
False
Does 72 divide 98886?
False
Is 188 a factor of 123704?
True
Is 3705720 a multiple of 15?
True
Is 80 a factor of 174260?
False
Is 16615344 a multiple of 59?
True
Does 60 divide 3002438?
False
Is 16 a factor of 196389?
False
Is 48 a factor of 10848?
True
Is 55085 a multiple of 23?
True
Is 168 a factor of 63688?
False
Is 26970 a multiple of 93?
True
Does 12 divide 235178?
False
Does 168 divide 317352?
True
Does 19 divide 2236357?
True
Is 4963692 a multiple of 732?
True
Does 12 divide 1249587?
False
Is 1046 a factor of 11995528?
True
Is 84422 a multiple of 61?
False
Is 120 a factor of 2517120?
Tr